Calculate w(3).
154
Let o(b) = b**3 - 21*b**2 - 143*b + 3441. Determine o(19).
2
Let x(j) = 3*j**2 - 45*j + 195. Give x(9).
33
Let o(x) = -3*x**2 + 39*x + 90. Calculate o(-2).
0
Let q(r) = 24*r**2 + 45*r + 1. Give q(-2).
7
Let l(a) = 3*a**3 + 41*a**2 + 28*a + 381. Determine l(-14).
-207
Let q(z) = -7*z**3 + 22*z**2 + 31*z - 94. Give q(3).
8
Let h(q) = -4*q**2 + 79*q - 252. Calculate h(4).
0
Let w(g) = g**2 - 5*g - 120. Calculate w(-8).
-16
Let p(u) = -u**2 + 35*u - 36. Give p(34).
-2
Let d(h) = -3*h**2 + 4613*h - 13830. Calculate d(3).
-18
Let z(b) = -5*b**3 - 21*b**2 - 6*b + 5. Calculate z(-4).
13
Let m(a) = a**3 + 13*a**2 - 10*a - 64. Determine m(-13).
66
Let a(s) = -3*s**2 + 59*s - 289. Determine a(10).
1
Let o(c) = 2*c**2 - 63*c - 4263. What is o(-33)?
-6
Let q(x) = -2*x**3 + 54*x + 14. Give q(-6).
122
Let t(q) = q**2 + 743*q + 22743. Give t(-32).
-9
Let t(j) = 2*j**2 + 420*j + 1647. Calculate t(-4).
-1
Let o(s) = s**3 - 9*s**2 + 17*s + 5. Determine o(4).
-7
Let v(o) = o**3 + 14*o**2 + 26*o - 10. What is v(-11)?
67
Let y(s) = 302*s + 10261. Give y(-34).
-7
Let m(l) = 3*l**2 + 323*l - 425. Calculate m(-109).
11
Let o(q) = -49*q - 1292. Determine o(-29).
129
Let q(p) = 37*p - 731. Determine q(20).
9
Let t(a) = -36*a - 2637. Give t(-73).
-9
Let f(t) = 320*t + 1640. What is f(-5)?
40
Let d(t) = -2*t**3 + 165*t**2 + 83*t - 66. What is d(83)?
-66
Let i(v) = v**2 - 455*v + 13929. Give i(33).
3
Let s(d) = -2*d**2 - 5*d - 35. Determine s(-3).
-38
Let o(y) = -387*y - 1947. What is o(-4)?
-399
Let n(d) = d**3 + 6*d**2 + 23*d + 158. Determine n(-6).
20
Let u(t) = 77*t + 1119. Determine u(-13).
118
Let u(p) = -2*p**2 + 44*p - 91. What is u(2)?
-11
Let g(l) = 2*l**3 - 131*l**2 + 1245*l - 153. Calculate g(54).
9
Let y(z) = -29*z + 429. What is y(14)?
23
Let l(o) = o**2 - 721*o - 5035. Determine l(-7).
61
Let s(r) = -429*r + 2. Give s(0).
2
Let w(h) = -h**3 + 66*h**2 - 129*h + 45. Determine w(64).
-19
Let b(v) = 26*v - 465. Give b(18).
3
Let p(v) = -v**2 - 27*v - 87. Determine p(-6).
39
Let z(u) = 2*u**2 + 19*u + 79. Calculate z(-6).
37
Let v(f) = 3*f**2 - 272*f - 553. Give v(-2).
3
Let t(y) = -2*y**3 + 49*y**2 + 22*y + 74. Determine t(25).
-1
Let k(a) = a**3 + 44*a**2 + 82*a - 60. What is k(-42)?
24
Let h(d) = -2*d**2 + 61*d - 42. Give h(30).
-12
Let f(m) = -5*m**3 + 11*m - 23. What is f(4)?
-299
Let v(a) = -a**2 + 10*a + 3. Calculate v(8).
19
Let q(o) = -85*o - 106. Determine q(-1).
-21
Let s(z) = -3*z**3 - 21*z**2 - 2*z - 10. Give s(-7).
4
Let w(d) = 8*d + 175. Calculate w(-16).
47
Let p(r) = -195*r**2 - 31588*r + 328. Determine p(-162).
4
Let k(v) = 26*v**3 + 5*v**2 - 1. Calculate k(2).
227
Let o(j) = -j**3 - 5*j**2 - 23*j - 22. What is o(-3)?
29
Let y(r) = -r**3 + 11*r**2 + r - 159. Determine y(8).
41
Let t(n) = -n**3 + 14*n**2 + 136*n + 9. What is t(-7)?
86
Let c(l) = -l**3 + 13*l**2 - 35*l + 95. What is c(12)?
-181
Let i(v) = -v**3 + 28*v**2 - 53*v + 26. Calculate i(26).
0
Let d(x) = -420*x + 4601. What is d(11)?
-19
Let h(b) = 2*b**2 + 12*b - 313. Give h(10).
7
Let u(s) = -s**3 + 30*s**2 + 34*s - 67. Determine u(31).
26
Let l(y) = -14*y + 258. Calculate l(19).
-8
Let j(v) = 350*v - 212. Calculate j(0).
-212
Let a(i) = -4*i**2 + 36*i - 10. What is a(6)?
62
Let b(w) = 119*w + 462. Determine b(-4).
-14
Let d(s) = -12*s - 78. Calculate d(-14).
90
Let s(v) = -271*v + 264. Calculate s(1).
-7
Let j(y) = 13*y**3 - 2*y**2 - 3*y + 7. What is j(-3)?
-353
Let u(v) = v**2 + 41*v - 267. Give u(6).
15
Let w(v) = 6*v + 59. Give w(-21).
-67
Let c(i) = 46*i - 259. Determine c(6).
17
Let p(k) = k**2 + 24*k - 23. Determine p(-14).
-163
Let p(q) = -2*q**2 - 664*q - 3986. Give p(-6).
-74
Let o(y) = y**3 + 72*y**2 - 138*y + 701. Give o(-74).
-39
Let j(s) = 1463*s + 27819. Give j(-19).
22
Let c(j) = 3*j**3 - 15*j**2 + 27*j + 5. What is c(2)?
23
Let i(r) = -24*r - 399. Determine i(-9).
-183
Let u(h) = 7*h**2 - 150*h - 433. Calculate u(24).
-1
Let y(p) = -3*p**2 - 40*p - 76. What is y(-13)?
-63
Let j(h) = -h**2 + 11*h + 19. Determine j(10).
29
Let u(y) = 192*y - 1909. What is u(10)?
11
Let a(s) = -8*s + 249. Give a(43).
-95
Let n(f) = -2*f**2 - 5*f + 183. What is n(0)?
183
Let i(y) = -3*y**2 - 3083*y + 15412. What is i(5)?
-78
Let k(m) = -58*m + 1074. Give k(18).
30
Let d(u) = -u**3 + 147*u**2 - 279*u - 1604. Determine d(145).
-9
Let g(p) = 48*p - 24. Determine g(3).
120
Let h(u) = -91*u - 1727. Determine h(-19).
2
Let m(h) = h**2 - 25*h + 106. Calculate m(23).
60
Let i(k) = -k**2 + 49*k - 256. What is i(6)?
2
Let m(o) = -3*o**2 - 29*o + 249. What is m(0)?
249
Let m(q) = q**3 + 75*q**2 + 157*q + 6154. Determine m(-74).
12
Let m(d) = -d**3 - 11*d**2 + 189*d + 2059. Determine m(-14).
1
Let f(l) = -l**2 + 33*l - 340. Calculate f(16).
-68
Let t(d) = 42*d + 612. What is t(-15)?
-18
Let v(u) = u**2 - 30*u - 3723. Give v(-48).
21
Let u(k) = -13*k**3 + 2*k**2 + k - 10. What is u(2)?
-104
Let w(n) = -n**3 - 36*n**2 + 9*n + 2613. Calculate w(-34).
-5
Let j(w) = w**3 + w**2 - 280*w - 443. Determine j(17).
-1
Let v(a) = -a + 29. Determine v(7).
22
Let j(d) = -124*d - 31990. What is j(-258)?
2
Let w(n) = 98*n - 723. Determine w(7).
-37
Let d(f) = -f**3 + 17*f**2 - 60*f + 35. What is d(13)?
-69
Let p(x) = x**2 + 139*x - 15481. Calculate p(-212).
-5
Let d(u) = -2*u**3 + 5*u**2 + 18*u - 42. What is d(5)?
-77
Let r(f) = -f**3 - 9*f**2 - 12*f - 15. Calculate r(-8).
17
Let t(b) = -b**3 + 26*b**2 + 6*b - 37. What is t(26)?
119
Let d(q) = 4*q**2 - 114*q + 695. Determine d(9).
-7
Let z(j) = 11*j**2 - 127*j + 30. Determine z(10).
-140
Let z(r) = r**3 - 8*r**2 - 32*r + 267. Determine z(7).
-6
Let s(d) = d**3 - 147*d**2 - 606*d + 306. Calculate s(151).
4
Let t(g) = -3*g**3 + 26*g**2 - 25*g + 67. Determine t(8).
-5
Let g(q) = 8*q - 76. What is g(10)?
4
Let x(i) = -2*i**3 + 14*i**2 - 21*i - 22. Calculate x(7).
-169
Let d(g) = -2*g**3 - 62*g**2 + 67*g + 103. Calculate d(-32).
7
Let q(k) = 59*k - 4204. Give q(73).
103
Let a(x) = 11*x**3 + 3*x**2 + 25*x + 88. Calculate a(-4).
-668
Let b(k) = 3*k**3 - 13*k**2 + 13*k - 3. Determine b(4).
33
Let b(x) = x - 171. What is b(34)?
-137
Let h(v) = 2*v**3 - 12*v**2 + 9*v - 3. Determine h(7).
158
Let z(h) = h**2 - 1711*h + 13636. What is z(8)?
12
Let f(b) = 105*b**2 + 15849*b - 907. Determine f(-151).
-1
Let r(i) = 3*i**3 - 27*i**2 - 30*i - 1. Calculate r(10).
-1
Let v(m) = -3*m**2 - 59*m + 80. Calculate v(-21).
-4
Let v(s) = 36*s + 728. What is v(-24)?
-136
Let l(c) = -c**3 - 13*c**2 - 22*c - 15. Give l(-11).
-15
Let a(v) = -42*v - 4538. Determine a(-108).
-2
Let k(c) = 65*c + 1033. Give k(-14).
123
Let b(y) = 50*y - 1144. Determine b(26).
156
Let m(i) = -i**3 + 61*i**2 + 78*i - 421. What is m(62)?
571
Let u(k) = k**3 + 4*k**2 - 2*k - 26. Give u(-4).
-18
Let r(l) = 9*l**2 - 281*l - 213. Determine r(32).
11
Let d(z) = -41*z + 1433. What is d(35)?
-2
Let u(w) = w - 150. What is u(-22)?
-172
Let f(s) = 8*s - 323. Give f(40).
-3
Let c(z) = 426*z + 2959. Determine c(-7).
-23
Let o(l) = 3*l**2 + 83*l - 3068. Calculate o(21).
-2
Let o(i) = -12*i**2 + 19*i - 40. What is o(4)?
-156
Let r(j) = 12*j**2 + 141*j - 21. Give r(-12).
15
Let x(w) = -215*w + 12264. What is x(57)?
9
Let l(k) = -24*k - 146. What is l(-6)?
-2
Let x(q) = -40*q**3 + 4*q**2 - 2. Determine x(-2).
334
Let a(j) = -6*j**2 - 13*j + 14. Determine a(-4).
-30
Let p(i) = -i**2 - 90*i - 274. What is p(-79)?
595
Let i(m) = 1020*m + 4076. Determine i(-4).
-4
Let i(z) = -82*z + 1874. Give i(25).
-176
Let a(f) = -2*f**2 - 72*f + 132. Give a(-40).
-188
Let s(w) = -17*w + 883. Determine s(50).
33
Let w(h) = 597*h + 2984. Give w(-5).
-1
Let l(a) = 27*a**2 - 5259*a - 1172. Calculate l(195).
-2
Let f(t) = -t**3 - 39*t**2 - 198*t - 138. Give f(-5).
2
Let u(w) = -w**2 - 27*w + 114. Determine u(5).
-46
Let k(u) = -2*u**2 + 107*u + 787. Determine k(60).
7
Let o(z) = -5690*z + 11370. Determine o(2).
-10
Let q(m) = -2*m**3 + m**2 + 17*m + 14. Give q(-4).
90
Let r(d) = 137*d + 404. Determine r(-3).
-7
Let u(h) = -8*h - 557. Calculate u(-67).
-21
Let w(x) = -6*x - 33. Determine w(-4).
-9
Let h(s) = -s + 5. Calculate h(-13).
18
Let f(o) = -5*o**2 + 43*o - 22. Give f(9).
-40
Let r(m) = -m**3 + 13*m**2 + 104*m - 134. Give r(18).
118
Let k(u) = 175*u + 152. What is k(-10)?
-1598
Let x(c) = 7*c**2 - 120*c + 30. Give x(14).
-278
